{"id":13,"date":"2014-09-04T14:15:14","date_gmt":"2014-09-04T12:15:14","guid":{"rendered":"http:\/\/localhost\/ejc2015\/?page_id=13"},"modified":"2016-01-28T13:56:39","modified_gmt":"2016-01-28T12:56:39","slug":"programme","status":"publish","type":"page","link":"https:\/\/ejc2015.um.si\/?page_id=13","title":{"rendered":"Programme"},"content":{"rendered":"<h3>Conference Programme<\/h3>\n<table>\n<tbody>\n<tr bgcolor=\"#353e49\">\n<td>\n<h4><span style=\"color: #c0c0c0;\"><strong>Monday, 8.6.2015<\/strong><\/span><\/h4>\n<\/td>\n<\/tr>\n<tr>\n<td>\n<h5><strong>18:00 &#8211; 20:00 <a href=\"http:\/\/ejc2015.um.si\/?page_id=22#monday\">Get together and registration<\/a><\/strong><\/h5>\n<\/td>\n<\/tr>\n<tr bgcolor=\"#353e49\">\n<td>\n<h4><span style=\"color: #c0c0c0;\"><strong>Tuesday, 9.6.2015<\/strong><\/span><\/h4>\n<\/td>\n<\/tr>\n<tr>\n<td>\n<h5><strong>8:30 &#8211; 9:00 Conference Registration<\/strong> (if not possible on Monday)<\/h5>\n<\/td>\n<\/tr>\n<tr>\n<td>\n<h5><strong>9:00 &#8211; 10:10 Conference Opening<\/strong><\/h5>\n<\/td>\n<\/tr>\n<tr>\n<td>Welcome Speech, Rector of the University of Maribor Slovenia, Prof. dr. Igor Ti\u010dar<\/td>\n<\/tr>\n<tr>\n<td>Welcome Speech, Dean of The Faculty of Electrical Engineering and Computer Science, Prof. dr. Borut \u017dalik<\/td>\n<\/tr>\n<tr>\n<td>Welcome Speech, Head of the Institute of Informatics, Prof. dr. Ivan Rozman<\/td>\n<\/tr>\n<tr>\n<td>Welcome, EJC representative<\/td>\n<\/tr>\n<tr>\n<td>Info about Arrangements, EJC Local Organizer, Prof. dr. Tatjana Welzer<\/td>\n<\/tr>\n<tr>\n<td>Short talk, director of Slovenian Research Agency, Prof. dr. Jozsef Gy\u00f6rk\u00f6s<\/td>\n<\/tr>\n<tr>\n<td>\n<h5><strong>10:10 &#8211; 10:30 Coffee Break<\/strong><\/h5>\n<\/td>\n<\/tr>\n<tr>\n<td>\n<h5><strong>10:30 \u2013 12:10 Session: Appetizer<\/strong><\/h5>\n<p>Chair: Bernhard Thalheim<\/td>\n<\/tr>\n<tr>\n<td>\n<h5><strong>12:10 &#8211; 13:10 Lunch<\/strong><\/h5>\n<\/td>\n<\/tr>\n<tr>\n<td>\n<h5><strong>13:10 &#8211; 14:35 Session: Environment<\/strong><\/h5>\n<p>Chair: Xing Chen<\/td>\n<\/tr>\n<tr>\n<td>A Dynamic Dengue Fever Risk Area Model for Real-Time Control in<br \/>\nLocal-Global Spreading, Wahjoe Sesulihatien, Yasushi Kiyoki (L)<\/td>\n<\/tr>\n<tr>\n<td>Multi-Dimensional Semantic Computing with Spatial-Temporal and Semantic Axes for Multi-spectrum Images in Environment Analysis, Yasushi Kiyoki, Xing Chen, Shiori Sasaki, Chawan Koopipat (L)<\/td>\n<\/tr>\n<tr>\n<td>Wide-Area River-Water Quality Analysis and Visualization with 5D World Map System, Chalisa VEESOMMAI, Yasushi KIYOKI, Shiori SASAKI, Petchporn Chawakitchareon (S)<\/td>\n<\/tr>\n<tr>\n<td>\n<h5><strong>14:35 &#8211; 15:00 Coffee Break<\/strong><\/h5>\n<\/td>\n<\/tr>\n<tr>\n<td>\n<h5><strong>15:00 &#8211; 16:20 Session: System Development<\/strong><\/h5>\n<p>Chair: Xing Chen<\/td>\n<\/tr>\n<tr>\n<td>Formal Knowledge Framework for Software Processes Architecture, Michael Kosinar, Jan Czopik, Jakub Stolfa (L)<\/td>\n<\/tr>\n<tr>\n<td>Evolving Database Conceptual Graph Partitioning, Elvira Immacolata Locuratolo (S)<\/td>\n<\/tr>\n<tr>\n<td>Model Driven ActiveRecord with yEd, Matthias Sedlmeier, Martin Gogolla (S)<\/td>\n<\/tr>\n<tr>\n<td>\n<h5><strong>17:00 &#8211; 21:00 <a href=\"http:\/\/ejc2015.um.si\/?page_id=22#tuesday\">Fegu\u0161 String Quartet Concert and Buffet at the Rectorat Bulding in Maribor<\/a><\/strong><\/h5>\n<\/td>\n<\/tr>\n<tr bgcolor=\"#353e49\">\n<td>\n<h4><span style=\"color: #c0c0c0;\"><strong>Wednesday, 10.6.2015<\/strong><\/span><\/h4>\n<\/td>\n<\/tr>\n<tr>\n<td>\n<h5><strong>9:00 \u2013 9:55 Session: Globalization<\/strong><\/h5>\n<p>Chair: Hannu Jaakkola<\/td>\n<\/tr>\n<tr>\n<td>Culture-Aware Web Information System Development, Hannu Jaakkola, Bernhard Thalheim (L)<\/td>\n<\/tr>\n<tr>\n<td>Global Communication with Icons: Hotel Safety as an Environmental Context, Anneli Heimb\u00fcrger, Sukanya Khanom (S)<\/td>\n<\/tr>\n<tr>\n<td>\n<h5>9:55 &#8211; 10:25 Coffee Break<\/h5>\n<\/td>\n<\/tr>\n<tr>\n<td>\n<h5>10:25 &#8211; 11:45 Session: Information<\/h5>\n<p>Chair: Bernhard Thalheim<\/td>\n<\/tr>\n<tr>\n<td>Information and Information Security, Jaak Henno (L)<\/td>\n<\/tr>\n<tr>\n<td>Ontology Design Pattern Extractions for Ontology Visualization, Pavel Lomov, Maxim Shishaev (S)<\/td>\n<\/tr>\n<tr>\n<td>Abstract Handling of Information and Knowledge, Enn Tyugu (S)<\/td>\n<\/tr>\n<tr>\n<td>\n<h5>13:00 &#8211; 23:00 <a href=\"http:\/\/ejc2015.um.si\/?page_id=22#wednesday\">Half-day trip to the Pomurje region with conference dinner<\/a><\/h5>\n<\/td>\n<\/tr>\n<tr bgcolor=\"#353e49\">\n<td>\n<h4><span style=\"color: #c0c0c0;\"><strong>Thursday, 11.6.2015<\/strong><\/span><\/h4>\n<\/td>\n<\/tr>\n<tr>\n<td>\n<h5>9:00 &#8211; 10:00 Invited talk<\/h5>\n<p>Chair: Hannu Jaakkola<\/td>\n<\/tr>\n<tr>\n<td>Prof. Hannu Kangassalo, University of Tampere, Finland<\/td>\n<\/tr>\n<tr>\n<td>\n<h5>10:00 &#8211; 10:30 Coffee Break<\/h5>\n<\/td>\n<\/tr>\n<tr>\n<td>\n<h5>10:30 &#8211; 12:20 Session: Modern Infrastructure<\/h5>\n<p>Chair: Anneli Heimb\u00fcrger<\/td>\n<\/tr>\n<tr>\n<td>Privacy-Enhancing Technologies: Private Wallet, Frank Kramer, Oliver J\u00e4ger, Bernhard Thalheim (L)<\/td>\n<\/tr>\n<tr>\n<td>A Conceptual Framework for Modelling Human Involvement in Cyber-Physical Social Systems: Leveraging STT Information in Heteregeneous Data, Sulayman K. Sowe (S)<\/td>\n<\/tr>\n<tr>\n<td>An Enhanced Benchmark to Evaluate the Smartness of a City, Ajantha Dahanayake, Eiman ALSABI, Layla AlRWAIS, Reem ALOSIMAI, Ruba ALRWAIS (S)<\/td>\n<\/tr>\n<tr>\n<td>A Realtime Associative Computing System for Interactive Information Exchange in a Multi-database Environment, Fuminori Tsunoda, Yasushi Kiyoki (L)<\/td>\n<\/tr>\n<tr>\n<td>\n<h5>12:20 &#8211; 13:20 Lunch<\/h5>\n<\/td>\n<\/tr>\n<tr>\n<td>\n<h5>13:20- 15:10 Session: Analysis and Mining<\/h5>\n<p>Chair: Jaak Henno<\/td>\n<\/tr>\n<tr>\n<td>Monetary Policy Topic Extraction By Using Lda &#8211; Termination of Asian Financial Crisis, Yukari Shirota, Takako Hashimoto, Tamaki Sakura, Basabi Chakraborty (L)<\/td>\n<\/tr>\n<tr>\n<td>Finding an Optimal Configuration of the Feed-forward Neural Network, Radoslav \u0160trba, Jakub \u0160tolfa, Svatopluk \u0160tolfa (S)<\/td>\n<\/tr>\n<tr>\n<td>Comparison of Support Vector Machines and Neural Network Models on Real Data, Bo\u0161tjan Brumen, Ivan Rozman, Ale\u0161 Cernezel (S)<\/td>\n<\/tr>\n<tr>\n<td>Real-time Sensing, Processing and Actuating Functions of 5D World Map System: A Collaborative Knowledge Sharing System for Environmental Analysis, Shiori Sasaki, Yasushi Kiyoki (L)<\/td>\n<\/tr>\n<tr>\n<td>\n<h5>15:10 &#8211; 15:30 Coffee Break<\/h5>\n<\/td>\n<\/tr>\n<tr>\n<td>\n<h5>15:30- 17:00 Panel Session: Cross-cultural and Environmental Data Analysis in Data Mining Processes for Global Resilient Society<em><br \/>\n<\/em><\/h5>\n<\/td>\n<\/tr>\n<tr>\n<td>Panelists:<\/p>\n<ul>\n<li>Yasushi Kiyoki (Keio University, SFC)<\/li>\n<li>Anneli Heimb\u00fcrger (Senior Researcher, University of Jyv\u00e4skyl\u00e4)<\/li>\n<li>Virach Sornlartlamvanich (Thammasat University)<\/li>\n<li>Petchporn Chawakitchareon (Chulalongkorn University)<\/li>\n<li>Xing Chen (Kanagawa Institute of Technology)<\/li>\n<\/ul>\n<\/td>\n<\/tr>\n<tr>\n<td><strong>Evening: free<\/strong><\/td>\n<\/tr>\n<tr bgcolor=\"#353e49\">\n<td>\n<h4><span style=\"color: #c0c0c0;\"><strong>Friday, 12.6.2015<\/strong><\/span><\/h4>\n<\/td>\n<\/tr>\n<tr>\n<td>\n<h5>9:00 &#8211; 10:30 Presentations of Slovene Research Projects<\/h5>\n<p>Chair: Jari Soini<\/td>\n<\/tr>\n<tr>\n<td>Security protocols in IoT, Marko H\u00f6lbl, Tatjana Welzer, Lili Nemec Zlatolas<\/td>\n<\/tr>\n<tr>\n<td>Cultural issue and conceptual modelling education, Tatjana Welzer, Marjan Dru\u017eovec, Lili Nemec Zlatolas, Marko H\u00f6lbl<\/td>\n<\/tr>\n<tr>\n<td>Introducing NoSql Data Storage \u2013 Drawabacks and Opportunities, Luka Pavli\u010d, Marjan Heri\u010dko, Bo\u0161tjan Ke\u017emah<\/td>\n<\/tr>\n<tr>\n<td>A new Prototype for Visualizing Ontologies, Sa\u0161a Kuhar, Sa\u0161o Karakati\u010d, Jernej Flisar, Marjan Heri\u010dko, Vili Podgorelec<\/td>\n<\/tr>\n<tr>\n<td>Analysis of self-service machine\u2019s benefits and acceptance based on behavioral operations research methods, Maja Pu\u0161nik, Marjan Heri\u010dko, Bo\u0161tjan \u0160umak<\/td>\n<\/tr>\n<tr>\n<td>\n<h5>10:30 \u2013 11:00 Coffee Break<\/h5>\n<\/td>\n<\/tr>\n<tr>\n<td>\n<h5>11:00 &#8211; 12:25 Session: Intelligent Processing<\/h5>\n<p>Chair: Marko H\u00f6lbl<\/td>\n<\/tr>\n<tr>\n<td>SPARQL-based framework for semantically-based event processing, Ana SASA BASTINOS, Dejan LAVBIC (L)<\/td>\n<\/tr>\n<tr>\n<td>A Conceptual Model of Fishery in Resource-Event-Agent Framework, Sohei Ito, Kunimasa Aoki, Kazuaki Kajitori (L)<\/td>\n<\/tr>\n<tr>\n<td>Mutual Resource Exchanging Model in Mobile Computing and its Application to Hybrid Learning, Naofumi Yoshida (P)<\/td>\n<\/tr>\n<tr>\n<td>\n<h5>12.25 Closing of EJC and Farewell<\/h5>\n<\/td>\n<\/tr>\n<tr>\n<td>\n<h5><strong>12:30 &#8211; 13:30 Lunch<\/strong><\/h5>\n<\/td>\n<\/tr>\n<\/tbody>\n<\/table>\n<p>&nbsp;<\/p>\n","protected":false},"excerpt":{"rendered":"<p>Conference Programme Monday, 8.6.2015 18:00 &#8211; 20:00 Get together and registration Tuesday, 9.6.2015 8:30 &#8211; 9:00 Conference Registration (if not possible on Monday) 9:00 &#8211; 10:10 Conference Opening Welcome Speech, Rector of the University of Maribor Slovenia, Prof. dr. Igor Ti\u010dar Welcome Speech, Dean of The Faculty of Electrical Engineering and Computer Science, Prof. dr. [&hellip;]<\/p>\n","protected":false},"author":1,"featured_media":0,"parent":0,"menu_order":10,"comment_status":"open","ping_status":"open","template":"","meta":{"footnotes":""},"_links":{"self":[{"href":"https:\/\/ejc2015.um.si\/index.php?rest_route=\/wp\/v2\/pages\/13"}],"collection":[{"href":"https:\/\/ejc2015.um.si\/index.php?rest_route=\/wp\/v2\/pages"}],"about":[{"href":"https:\/\/ejc2015.um.si\/index.php?rest_route=\/wp\/v2\/types\/page"}],"author":[{"embeddable":true,"href":"https:\/\/ejc2015.um.si\/index.php?rest_route=\/wp\/v2\/users\/1"}],"replies":[{"embeddable":true,"href":"https:\/\/ejc2015.um.si\/index.php?rest_route=%2Fwp%2Fv2%2Fcomments&post=13"}],"version-history":[{"count":38,"href":"https:\/\/ejc2015.um.si\/index.php?rest_route=\/wp\/v2\/pages\/13\/revisions"}],"predecessor-version":[{"id":353,"href":"https:\/\/ejc2015.um.si\/index.php?rest_route=\/wp\/v2\/pages\/13\/revisions\/353"}],"wp:attachment":[{"href":"https:\/\/ejc2015.um.si\/index.php?rest_route=%2Fwp%2Fv2%2Fmedia&parent=13"}],"curies":[{"name":"wp","href":"https:\/\/api.w.org\/{rel}","templated":true}]}}